{"id":8,"date":"2024-12-03T10:34:35","date_gmt":"2024-12-03T09:34:35","guid":{"rendered":"https:\/\/kinderladen-seckenheim.de\/wpneu\/?page_id=8"},"modified":"2026-03-06T12:43:08","modified_gmt":"2026-03-06T11:43:08","slug":"home","status":"publish","type":"page","link":"https:\/\/kinderladen-seckenheim.de\/wpneu\/","title":{"rendered":"home"},"content":{"rendered":"\n<figure class=\"wp-block-image size-full\"><img loading=\"lazy\" decoding=\"async\" width=\"161\" height=\"100\" src=\"https:\/\/kinderladen-seckenheim.de\/wpneu\/wp-content\/uploads\/2026\/03\/logo_kila-1.png\" alt=\"\" class=\"wp-image-180\"\/><\/figure>\n\n\n\n<h1 class=\"wp-block-heading\">Kinderladen Seckenheim<\/h1>\n\n\n\n<p>Auf diesen Seiten erhalten Sie einen Eindruck von unserem Profil und unseren R\u00e4umlichkeiten. Auch finden Sie hier Informationen \u00fcber \u00d6ffnungszeiten, Elternmitarbeit, unseren Tagesablauf sowie Aktionen im Jahresrhythmus.<\/p>\n\n\n\n<p class=\"is-style-text-subtitle is-style-text-subtitle--1\">Wir freuen uns, dass Sie sich f\u00fcr den Kinderladen Seckenheim e.V. interessieren.<br><mark style=\"background-color:#191919\" class=\"has-inline-color has-accent-1-color\"><br><\/mark><a href=\"https:\/\/kinderladen-seckenheim.de\/wpneu\/kontakt\/\" data-type=\"page\" data-id=\"26\"><mark style=\"background-color:rgba(0, 0, 0, 0);color:#5F5F5F\" class=\"has-inline-color\">Wir haben freie Pl\u00e4tze in der Krippe und im Kindergarten ab 2027!<\/mark><\/a><\/p>\n\n\n\n<p>Wenn Sie Interesse an einem Platz haben, kontaktieren Sie uns bitte vor einer Meki-Anmeldung  telefonisch.<br>F\u00fcr einen Kindergartenplatz: 0176-16370267<br>F\u00fcr einen Krippenplatz: 0176-34459178<\/p>\n\n\n\n<h1 class=\"wp-block-heading\">P\u00e4dagogisches Konzept<\/h1>\n\n\n\n<p>Im Vordergrund stehen eine famili\u00e4re Atmosph\u00e4re, N\u00e4he zur Natur (Waldtag, Gestalten mit Naturmaterialien, Jahreszeiten-Abl\u00e4ufe), Bezug zu Nahrungsmitteln und deren Zubereitung sowie ausreichend Freispielr\u00e4ume, um Kreativit\u00e4t und Fantasie zu f\u00f6rdern.<\/p>\n\n\n\n<p>Ziel ist nach dem situationsorientieren Ansatz die F\u00f6rderung der Selbstbestimmung und Eigenst\u00e4ndigkeit der Kinder sowie zugleich die Hinf\u00fchrung auf das Zusammenleben in der Gemeinschaft. Dieser Ansatz erm\u00f6glicht es den Erzieherinnen, die pers\u00f6nliche Lebenssituation und die Bed\u00fcrfnisse der Eltern und Kinder sowie der sozialen Situation zu ber\u00fccksichtigen.<\/p>\n\n\n\n<p>Die Kinder beteiligen sich aktiv am Alltag und haben immer wieder Gelegenheit mitzubestimmen. Es gibt transparente Regeln im Umgang miteinander und st\u00e4ndige Hilfestellung bei Konflikten. So werden die Kinder bef\u00e4higt mit Situationen kompetent umzugehen. Das Lernen im Situationsansatz erfolgt generell in Zusammenh\u00e4ngen, die f\u00fcr das Kind nachvollziehbar sind.<\/p>\n\n\n\n<p>Einmal pro Jahr findet ein Elterngespr\u00e4ch zu Entwicklung und Wohlbefinden des Kindes statt. Neue Eltern werden nat\u00fcrlich vorab gut \u00fcber die Eingew\u00f6hnungsphase ihres Kindes informiert, und nach erfolgter Eingew\u00f6hnung findet das \u201eTassenfest\u201c zur Feier der erfolgten Eingew\u00f6hnung und dem \u201eEinzug\u201c des Kindes in die Gruppe statt. Dar\u00fcber hinaus besteht selbstverst\u00e4ndlich jederzeit die M\u00f6glichkeit, offene Fragen zu kl\u00e4ren.<\/p>\n\n\n\n<h1 class=\"wp-block-heading\">Elternmitarbeit<\/h1>\n\n\n\n<p>Bestandteil des Konzeptes ist es, dass die Eltern durch ihre Mitarbeit zum Betrieb des Kinderladens beitragen und durch ihre Beteiligung und Mitsprache den Kinderladenalltag bereichern. Verwaltungs- und Organisationsaufgaben liegen zu weiten Teilen in H\u00e4nden der Eltern (Vorstandsarbeit, Organisatorisches, Praktisches wie Handt\u00fccher waschen, Planen und Durchf\u00fchren von Festen, Renovierungen usw.).<\/p>\n\n\n\n<p>Die Zubereitung des Fr\u00fchst\u00fccks und das Kochen des vegetarischen Mittagessens ist ebenfalls Aufgabe der Eltern. In der Regel ist pro Kind im Kinderladen ein Kochdienst im Monat zu leisten, in der Krippe alle zwei Wochen. Dies ist f\u00fcr die Eltern eine sch\u00f6ne Gelegenheit, ihre Kinder und deren Freunde im Kinderladen zu erleben, und auch die Kinder freuen sich immer sehr auf den Tag an dem die eigenen Eltern im Kinderladen kochen. Au\u00dferdem ist das Essen immer frisch!<\/p>\n\n\n\n<p>Einmal im Monat findet gemeinsam mit dem Erzieherteam ein Elternabend statt, bei dem es um Organisatorisches und um die p\u00e4dagogische Planung geht. Dabei ist jeder zweite Elternabend ein gemeinsamer von Kindergarten- und Krippengruppe.<\/p>\n\n\n\n<figure class=\"wp-block-image size-full\"><img loading=\"lazy\" decoding=\"async\" width=\"567\" height=\"425\" src=\"https:\/\/kinderladen-seckenheim.de\/wpneu\/wp-content\/uploads\/2024\/12\/Kila_basteln.jpg\" alt=\"\" class=\"wp-image-14\" srcset=\"https:\/\/kinderladen-seckenheim.de\/wpneu\/wp-content\/uploads\/2024\/12\/Kila_basteln.jpg 567w, https:\/\/kinderladen-seckenheim.de\/wpneu\/wp-content\/uploads\/2024\/12\/Kila_basteln-300x225.jpg 300w\" sizes=\"auto, (max-width: 567px) 100vw, 567px\" \/><\/figure>\n\n\n\n<p><strong>\u00d6ffnungszeiten<\/strong><br><strong>Die \u00d6ffnungs-\/Betreuungszeiten sind von Mo. \u2013 Fr. von 7.30 \u2013 14.00 Uhr.<\/strong><\/p>\n\n\n\n<p>In beiden Gruppen arbeiten jeweils zwei staatlich anerkannte Erzieherinnen in Vollzeit und eine staatlich anerkannte Erzieherin in Teilzeit.<\/p>\n\n\n\n<p><strong>Beitrag<\/strong><br>Der monatliche Beitrag f\u00fcr einen Kindergartenplatz im Kinderladen betr\u00e4gt 270 Euro pro Monat. (F\u00fcr ein Geschwisterkind 250 Euro)<\/p>\n\n\n\n<p>Der Krippenplatz kostet monatlich 455 Euro. (F\u00fcr ein Geschwisterkind 425 Euro)<\/p>\n\n\n\n<p>Der monatliche Beitrag deckt auch die Kosten f\u00fcr die w\u00f6chentliche Grundreinigung des Kinderladens ab.<\/p>\n\n\n\n<h3 class=\"wp-block-heading\">Kinderladen Seckenheim<br>Seckenheimer Hauptstr. 93<br>68239 Mannheim<\/h3>\n\n\n\n<h3 class=\"wp-block-heading\">Telefon<br>Kindergarten:  0176-16370267<br>Krippe: 0176 -34459178<\/h3>\n\n\n\n<h3 class=\"wp-block-heading\">Unsere Email-Adresse:<br><strong><a href=\"https:\/\/web.archive.org\/web\/20240925010727\/mailto:mail@kinderladen-seckenheim.de\" target=\"_blank\" rel=\"noreferrer noopener\">mail@kinderladen-seckenheim.de<\/a><\/strong><\/h3>\n\n\n\n<p><\/p>\n","protected":false},"excerpt":{"rendered":"<p>Kinderladen Seckenheim Auf diesen Seiten erhalten Sie einen Eindruck von unserem Profil und unseren R\u00e4umlichkeiten. Auch finden Sie hier Informationen \u00fcber \u00d6ffnungszeiten, Elternmitarbeit, unseren Tagesablauf sowie Aktionen im Jahresrhythmus. Wir freuen uns, dass Sie sich f\u00fcr den Kinderladen Seckenheim e.V. interessieren.Wir haben freie Pl\u00e4tze in der Krippe und im Kindergarten ab 2027! Wenn Sie Interesse [&hellip;]<\/p>\n","protected":false},"author":1,"featured_media":0,"parent":0,"menu_order":0,"comment_status":"closed","ping_status":"closed","template":"","meta":{"footnotes":""},"class_list":["post-8","page","type-page","status-publish","hentry"],"_links":{"self":[{"href":"https:\/\/kinderladen-seckenheim.de\/wpneu\/wp-json\/wp\/v2\/pages\/8","targetHints":{"allow":["GET"]}}],"collection":[{"href":"https:\/\/kinderladen-seckenheim.de\/wpneu\/wp-json\/wp\/v2\/pages"}],"about":[{"href":"https:\/\/kinderladen-seckenheim.de\/wpneu\/wp-json\/wp\/v2\/types\/page"}],"author":[{"embeddable":true,"href":"https:\/\/kinderladen-seckenheim.de\/wpneu\/wp-json\/wp\/v2\/users\/1"}],"replies":[{"embeddable":true,"href":"https:\/\/kinderladen-seckenheim.de\/wpneu\/wp-json\/wp\/v2\/comments?post=8"}],"version-history":[{"count":25,"href":"https:\/\/kinderladen-seckenheim.de\/wpneu\/wp-json\/wp\/v2\/pages\/8\/revisions"}],"predecessor-version":[{"id":182,"href":"https:\/\/kinderladen-seckenheim.de\/wpneu\/wp-json\/wp\/v2\/pages\/8\/revisions\/182"}],"wp:attachment":[{"href":"https:\/\/kinderladen-seckenheim.de\/wpneu\/wp-json\/wp\/v2\/media?parent=8"}],"curies":[{"name":"wp","href":"https:\/\/api.w.org\/{rel}","templated":true}]}}

<figure class="wp-block-image size-full"><img loading="lazy" decoding="async" width="161" height="100" src="https://kinderladen-seckenheim.de/wpneu/wp-content/uploads/2026/03/logo_kila-1.png" alt="" class="wp-image-180"/></figure>



<h1 class="wp-block-heading">Kinderladen Seckenheim</h1>



<p>Auf diesen Seiten erhalten Sie einen Eindruck von unserem Profil und unseren Räumlichkeiten. Auch finden Sie hier Informationen über Öffnungszeiten, Elternmitarbeit, unseren Tagesablauf sowie Aktionen im Jahresrhythmus.</p>



<p class="is-style-text-subtitle is-style-text-subtitle--1">Wir freuen uns, dass Sie sich für den Kinderladen Seckenheim e.V. interessieren.<br><mark style="background-color:#191919" class="has-inline-color has-accent-1-color"><br></mark><a href="https://kinderladen-seckenheim.de/wpneu/kontakt/" data-type="page" data-id="26"><mark style="background-color:rgba(0, 0, 0, 0);color:#5F5F5F" class="has-inline-color">Wir haben freie Plätze in der Krippe und im Kindergarten ab 2027!</mark></a></p>



<p>Wenn Sie Interesse an einem Platz haben, kontaktieren Sie uns bitte vor einer Meki-Anmeldung  telefonisch.<br>Für einen Kindergartenplatz: 0176-16370267<br>Für einen Krippenplatz: 0176-34459178</p>



<h1 class="wp-block-heading">Pädagogisches Konzept</h1>



<p>Im Vordergrund stehen eine familiäre Atmosphäre, Nähe zur Natur (Waldtag, Gestalten mit Naturmaterialien, Jahreszeiten-Abläufe), Bezug zu Nahrungsmitteln und deren Zubereitung sowie ausreichend Freispielräume, um Kreativität und Fantasie zu fördern.</p>



<p>Ziel ist nach dem situationsorientieren Ansatz die Förderung der Selbstbestimmung und Eigenständigkeit der Kinder sowie zugleich die Hinführung auf das Zusammenleben in der Gemeinschaft. Dieser Ansatz ermöglicht es den Erzieherinnen, die persönliche Lebenssituation und die Bedürfnisse der Eltern und Kinder sowie der sozialen Situation zu berücksichtigen.</p>



<p>Die Kinder beteiligen sich aktiv am Alltag und haben immer wieder Gelegenheit mitzubestimmen. Es gibt transparente Regeln im Umgang miteinander und ständige Hilfestellung bei Konflikten. So werden die Kinder befähigt mit Situationen kompetent umzugehen. Das Lernen im Situationsansatz erfolgt generell in Zusammenhängen, die für das Kind nachvollziehbar sind.</p>



<p>Einmal pro Jahr findet ein Elterngespräch zu Entwicklung und Wohlbefinden des Kindes statt. Neue Eltern werden natürlich vorab gut über die Eingewöhnungsphase ihres Kindes informiert, und nach erfolgter Eingewöhnung findet das „Tassenfest“ zur Feier der erfolgten Eingewöhnung und dem „Einzug“ des Kindes in die Gruppe statt. Darüber hinaus besteht selbstverständlich jederzeit die Möglichkeit, offene Fragen zu klären.</p>



<h1 class="wp-block-heading">Elternmitarbeit</h1>



<p>Bestandteil des Konzeptes ist es, dass die Eltern durch ihre Mitarbeit zum Betrieb des Kinderladens beitragen und durch ihre Beteiligung und Mitsprache den Kinderladenalltag bereichern. Verwaltungs- und Organisationsaufgaben liegen zu weiten Teilen in Händen der Eltern (Vorstandsarbeit, Organisatorisches, Praktisches wie Handtücher waschen, Planen und Durchführen von Festen, Renovierungen usw.).</p>



<p>Die Zubereitung des Frühstücks und das Kochen des vegetarischen Mittagessens ist ebenfalls Aufgabe der Eltern. In der Regel ist pro Kind im Kinderladen ein Kochdienst im Monat zu leisten, in der Krippe alle zwei Wochen. Dies ist für die Eltern eine schöne Gelegenheit, ihre Kinder und deren Freunde im Kinderladen zu erleben, und auch die Kinder freuen sich immer sehr auf den Tag an dem die eigenen Eltern im Kinderladen kochen. Außerdem ist das Essen immer frisch!</p>



<p>Einmal im Monat findet gemeinsam mit dem Erzieherteam ein Elternabend statt, bei dem es um Organisatorisches und um die pädagogische Planung geht. Dabei ist jeder zweite Elternabend ein gemeinsamer von Kindergarten- und Krippengruppe.</p>



<figure class="wp-block-image size-full"><img loading="lazy" decoding="async" width="567" height="425" src="https://kinderladen-seckenheim.de/wpneu/wp-content/uploads/2024/12/Kila_basteln.jpg" alt="" class="wp-image-14" srcset="https://kinderladen-seckenheim.de/wpneu/wp-content/uploads/2024/12/Kila_basteln.jpg 567w, https://kinderladen-seckenheim.de/wpneu/wp-content/uploads/2024/12/Kila_basteln-300x225.jpg 300w" sizes="auto, (max-width: 567px) 100vw, 567px" /></figure>



<p><strong>Öffnungszeiten</strong><br><strong>Die Öffnungs-/Betreuungszeiten sind von Mo. – Fr. von 7.30 – 14.00 Uhr.</strong></p>



<p>In beiden Gruppen arbeiten jeweils zwei staatlich anerkannte Erzieherinnen in Vollzeit und eine staatlich anerkannte Erzieherin in Teilzeit.</p>



<p><strong>Beitrag</strong><br>Der monatliche Beitrag für einen Kindergartenplatz im Kinderladen beträgt 270 Euro pro Monat. (Für ein Geschwisterkind 250 Euro)</p>



<p>Der Krippenplatz kostet monatlich 455 Euro. (Für ein Geschwisterkind 425 Euro)</p>



<p>Der monatliche Beitrag deckt auch die Kosten für die wöchentliche Grundreinigung des Kinderladens ab.</p>



<h3 class="wp-block-heading">Kinderladen Seckenheim<br>Seckenheimer Hauptstr. 93<br>68239 Mannheim</h3>



<h3 class="wp-block-heading">Telefon<br>Kindergarten:  0176-16370267<br>Krippe: 0176 -34459178</h3>



<h3 class="wp-block-heading">Unsere Email-Adresse:<br><strong><a href="https://web.archive.org/web/20240925010727/mailto:mail@kinderladen-seckenheim.de" target="_blank" rel="noreferrer noopener">mail@kinderladen-seckenheim.de</a></strong></h3>



<p></p>

<p>Kinderladen Seckenheim Auf diesen Seiten erhalten Sie einen Eindruck von unserem Profil und unseren Räumlichkeiten. Auch finden Sie hier Informationen über Öffnungszeiten, Elternmitarbeit, unseren Tagesablauf sowie Aktionen im Jahresrhythmus. Wir freuen uns, dass Sie sich für den Kinderladen Seckenheim e.V. interessieren.Wir haben freie Plätze in der Krippe und im Kindergarten ab 2027! Wenn Sie Interesse [&hellip;]</p>
